{"id":369,"date":"2016-10-05T10:08:19","date_gmt":"2016-10-05T08:08:19","guid":{"rendered":"http:http:\/\/www.wander-touren.com\/www\/?page_id=369"},"modified":"2016-12-01T14:20:36","modified_gmt":"2016-12-01T13:20:36","slug":"app-hilfe","status":"publish","type":"page","link":"https:\/\/www.wander-touren.com\/www\/app-hilfe\/","title":{"rendered":"APP-Hilfe"},"content":{"rendered":"[vc_row][vc_column][vc_column_text]\n<h2>Willkommen bei der traumtouren-App by ideemedia.<\/h2>\n<p>Unkompliziert und \u00fcbersichtlich: Die traumtouren Bike und Hike-App zu den ideemedia-B\u00fcchern. Die App ist gezielt auf schnelle und einfache Bedienung ausgelegt: QR-Code scannen oder TourCode eintippen, Track laden \u2013 und loslegen. Die traumtouren-App beschr\u00e4nkt sich dabei auf die wichtigstenFunktionen und Informationen rund um Rad- und Wanderausfl\u00fcge.<\/p>\n<ul>\n<li>L\u00e4nge, H\u00f6henmeter, Dauer und Schwierigkeitsgrade<\/li>\n<li>Kurzbeschreibung, Fotos und H\u00f6henprofile<\/li>\n<li>Parkpl\u00e4tze, Einkehr- und \u00dcbernachtungsm\u00f6glichkeiten<\/li>\n<\/ul>\n[\/vc_column_text][\/vc_column][\/vc_row][vc_row][vc_column][vc_column_text]\n<h3>Hier geht es direkt zur\u00a0traumtouren-App<\/h3>\n[\/vc_column_text][\/vc_column][\/vc_row][vc_row][vc_column width=&#8220;1\/2&#8243;][vc_column_text]\nIm Google Play\u00a0Store<br \/>\n<img loading=\"lazy\" class=\"alignnone wp-image-517\" src=\"http:\/\/www.wander-touren.com\/www\/wp-content\/uploads\/2016\/10\/App_GoogleStore-150x150.png\" alt=\"app_googlestore\" width=\"200\" height=\"200\" srcset=\"https:\/\/www.wander-touren.com\/www\/wp-content\/uploads\/2016\/10\/App_GoogleStore-150x150.png 150w, https:\/\/www.wander-touren.com\/www\/wp-content\/uploads\/2016\/10\/App_GoogleStore.png 300w\" sizes=\"(max-width: 200px) 100vw, 200px\" \/><br \/>\n[\/vc_column_text][\/vc_column][vc_column width=&#8220;1\/2&#8243;][vc_column_text]\nIm Apple\u00a0iTunes Store<br \/>\n<img loading=\"lazy\" class=\"alignnone wp-image-518\" src=\"http:\/\/www.wander-touren.com\/www\/wp-content\/uploads\/2016\/10\/App_iTunesStore.png\" alt=\"app_itunesstore\" width=\"200\" height=\"200\" srcset=\"https:\/\/www.wander-touren.com\/www\/wp-content\/uploads\/2016\/10\/App_iTunesStore.png 300w, https:\/\/www.wander-touren.com\/www\/wp-content\/uploads\/2016\/10\/App_iTunesStore-150x150.png 150w\" sizes=\"(max-width: 200px) 100vw, 200px\" \/><br \/>\n[\/vc_column_text][\/vc_column][\/vc_row][vc_row][vc_column][vc_column_text]\n<h2 class=\"row\">Was kann die Traumtouren-App ?<\/h2>\n<div class=\"row\">\n<div id=\"blockfarbe\" class=\"col col-md-12\">\n<ul>\n<li>Scan to go: Route direkt laden ohne Registrierung oder Anmeldung.<\/li>\n<li>Mit dem ersten Download und bei Aktualisierungen werden kostenlose Bonustracks zum Ausprobieren ausgeliefert.<\/li>\n<li>Weitere Tracks k\u00f6nnen via QR-Scan oder TourCode schnell und einfach aus gekennzeichneten ideemedia-B\u00fcchern geladen werden.<\/li>\n<li>Die Tracks werden offline gespeichert.<\/li>\n<li>Tracks zeigen den Weg auf der Karte mit kurzer Beschreibung und Bildern.<\/li>\n<li>Die Tracks k\u00f6nnen aktualisiert und gel\u00f6scht werden.<\/li>\n<li>Beschreibung von Parkpl\u00e4tzen, Hotels, Restaurants und Attraktionen entlang der Strecken (soweit derzeit vorhanden).<\/li>\n<li>Im Tracking-Modus Anzeige des jeweils aktuellen Standortes.<\/li>\n<\/ul>\n<p>&nbsp;<\/p>\n<\/div>\n<\/div>\n<div class=\"row\">\n<div id=\"blockfarbe\" class=\"col col-md-12\">\n<h2>Was kann die Traumtouren-App nicht ?<\/h2>\n<p><img class=\"img-responsive\" src=\"http:\/\/traumtouren.at\/appdata\/help\/0.9\/image\/1-traumtouren-splashscreen.jpg\" alt=\"Responsive image\" \/><\/p>\n<ul>\n<li>traumtouren zeigt den Weg und den jeweils aktuellen Standort \u2013 ersetzt aber keine vollwertige Routen- oder Wander-App. traumtouren kann beispielsweise unmittelbar keine Strecken berechnen, etwa die Anfahrt zum Parkplatz. traumtouren selbst enth\u00e4lt auch keine Richtungs- oder Sprachhinweise.<\/li>\n<li>Zur Stra\u00dfennavigation k\u00f6nnen Sie aus der App heraus aber die Google Navigation nutzen. In den meisten Tracks sind Parkpl\u00e4tze hinterlegt, \u00fcber die Sie den Google-Maps-Routenplaner direkt starten und sich vom aktuellen Standpunkt zum Ausgangspunkt der gew\u00fcnschten Tour navigieren lassen k\u00f6nnen.<\/li>\n<li>Sie k\u00f6nnen in der kostenlosen Basis-Version keine eigenen oder fremden Tracks in die App laden.<\/li>\n<\/ul>\n<p>&nbsp;<\/p>\n<\/div>\n<\/div>\n<h2>Hinweise<\/h2>\n<div class=\"row\">\n<div id=\"blockfarbe\" class=\"col col-md-12\">\n<p>Die App ist benutzerfreundlich bewusst einfach und \u00fcbersichtlich gehalten und vorl\u00e4ufig auf die wichtigsten Funktionen reduziert. Wir freuen uns \u00fcber Ihr Feedback an info(at)idee-media(punkt)de.<\/p>\n<p>Die Tracks selbst sind offline in der App enthalten. F\u00fcr die Anzeige der Karte und Zusatz-Informationen (Hotels, Restaurants, &#8230;) muss derzeit noch ein Internet-Zugang vorhanden sein. Au\u00dferhalb von WLAN-Anschl\u00fcssen k\u00f6nnen dabei Zusatzkosten von Mobilfunkbetreibern anfallen.<\/p>\n<p>Ausblick: F\u00fcr die n\u00e4chste Version sind Offline-Karten und eine Benachrichtigung beim Abweichen vom Weg geplant.<\/p>\n<p>Folgende ideemedia-B\u00fccher werden aktuell unterst\u00fctzt:<\/p>\n<ul>\n<li>Moselsteig (Pocket &amp; Premium)<\/li>\n<li>RheinSteig &amp; RheinBurgenWeg Premium<\/li>\n<li>RheinSteig Pocket<\/li>\n<li>AhrSteig<\/li>\n<li>W\u00e4llerTouren plus Erlebnisschleifen<\/li>\n<li>traumtouren &#8211; E-Bike &amp; Bike Band 1<\/li>\n<li>traumtouren &#8211; E-Bike &amp; Bike Band 2<\/li>\n<li>Traumpfade \u2013 Pocket Band 1 und Band 2<\/li>\n<li>Traumpfade \u2013 Das gro\u00dfe Buch der sch\u00f6nsten Rundwanderwege<\/li>\n<\/ul>\n<p>Es folgen:<\/p>\n<ul>\n<li>traumtouren \u2013 e-Bike &amp; Bike Band 3<\/li>\n<li>traumtouren \u2013 e-Bike &amp; Bike Band 4<\/li>\n<li>Saar-Hunsr\u00fcck-Steig\u2013 Band 1 und Band 2<\/li>\n<li>PremiumTouren \u2013 Die 27 besten Rundwanderwege Deutschlands<\/li>\n<li>Rheinschleifen \u2013 Die 21 sch\u00f6nsten Rundwanderwege an Rheinsteig und Rheinburgweg<\/li>\n<\/ul>\n<p>Alle Neuerscheinungen und Aktualisierungen ab 2017 enthalten durchgehend die Anbindung an die App traumtouren und sind auf dem Cover mit dem Smartphone-Symbol gekennzeichnet.<\/p>\n<p>&nbsp;<\/p>\n<\/div>\n<\/div>\n<h2>Startseite<\/h2>\n<div class=\"row\">\n<div id=\"blockfarbe\" class=\"col col-md-12\">\n<p>Beim ersten Aufruf startet die App mit der folgenden Anzeige<\/p>\n<p><img class=\"img-responsive\" src=\"http:\/\/traumtouren.at\/appdata\/help\/0.9\/image\/1-b-hilfe.jpg\" alt=\"Responsive image\" \/><\/p>\n<p>Vor der Nutzung sollten Sie sich Zeit nehmen, diese Hilfe zu lesen. Es erleichtert die Nutzung der App, auch wenn diese bewusst intuitiv gehalten ist.<\/p>\n<p><img class=\"img-responsive\" src=\"http:\/\/traumtouren.at\/appdata\/help\/0.9\/image\/2-traumt-startb.jpg\" alt=\"Responsive image\" \/><\/p>\n<p>Die traumtouren-App startet direkt mit der Ansicht Ihrer geladenen Tracks. Damit verlieren Sie nicht viel Zeit und k\u00f6nnen direkt einen Track \u00f6ffnen.<\/p>\n<ol>\n<li>Men\u00fc-Button:Hier k\u00f6nnen Sie das App-Men\u00fc aufrufen.<\/li>\n<li>Suchfenster: Hier k\u00f6nnen Sie Ihre Tracks filtern. Zur Suche einfach Anfangsbuchstaben eingeben. Oder per Kreuz wieder l\u00f6schen.<\/li>\n<li>Hier sehen Sie eine \u00dcbersicht Ihrer Tracks, mit Angabe des Tracknamens, L\u00e4nge und Schwierigkeit der Route (bis 4 Wanderer oder 5 Radfahrer). Die Symbole \u201eWanderer&#8220; oder \u201eRadfahrer&#8220; zeigen Ihnen direkt, ob es sich um einen Wander- oder Bike-Track handelt.<\/li>\n<li>Das Kartensymbol startet die Karte ohne einen geladenen Track. Sie k\u00f6nnen sich hier Ihre aktuelle Position anzeigen lassen.<\/li>\n<li>\u00dcber diesen Button k\u00f6nnen Sie Updates zu Ihren Tracks oder neue Bonus-Tracks in die App laden.<br \/>\nTrack-Updates sind aktuelle \u00c4nderungen am Track (wie GPX-Daten oder Beschreibung). Die Anzeige von Attraktionen erfolgt immer direkt \u00fcbers Internet. Falls Sie Tracks l\u00f6schen, die aktuell Bonus-Track sind, werden diese \u00fcber das Update evtl. automatisch wieder installiert. Ein Update ist in Planung, damit Sie in Zukunft das Update-Verhalten selbst einstellen k\u00f6nnen.<\/li>\n<li>\u00dcber diesen Button k\u00f6nnen Sie via QR-Code-Scan direkt aus einem ideemedia-Buch (oder wahlweise durch Eingabe eines TourCodes) die gew\u00fcnschte Route\/Track direkt in die App laden und starten.<\/li>\n<\/ol>\n<p>&nbsp;<\/p>\n<\/div>\n<\/div>\n<h2>Hauptmen\u00fc<\/h2>\n<div class=\"row\">\n<div id=\"blockfarbe\" class=\"col col-md-12\">\n<p><img class=\"img-responsive\" src=\"http:\/\/traumtouren.at\/appdata\/help\/0.9\/image\/3-traumt-menue.jpg\" alt=\"Responsive image\" \/><\/p>\n<p>\u00dcber das Hauptmen\u00fc k\u00f6nnen Sie die Hilfe und Informationen zur App aufrufen.<\/p>\n<ol>\n<li>Das Kartensymbol startet die Karte ohne einen geladenen Track. Sie k\u00f6nnen sich hier Ihre Position anzeigen lassen.<\/li>\n<li>Informationen zur App zeigen.<\/li>\n<li>Hilfe \u00f6ffnen.<\/li>\n<li>Impressum zeigen.<\/li>\n<li>Schlie\u00dfen des Men\u00fcs.<\/li>\n<\/ol>\n<p>&nbsp;<\/p>\n<\/div>\n<\/div>\n<h2>Kartenansicht<\/h2>\n<div class=\"row\">\n<div id=\"blockfarbe\" class=\"col col-md-12\">\n<p><img class=\"img-responsive\" src=\"http:\/\/traumtouren.at\/appdata\/help\/0.9\/image\/4-traumt-karte.jpg\" alt=\"Responsive image\" \/><\/p>\n<p>Jetzt befinden Sie sich in der Kartenansicht. Hier k\u00f6nnen Sie den Trackingmodus (8) aktivieren und sich Zusatzinfos wie Parkpl\u00e4tze oder Einkehrm\u00f6glichkeiten anzeigen lassen.<\/p>\n<ol>\n<li>Zur\u00fcck zur Startseite, dabei verlassen Sie den Track.<\/li>\n<li>Men\u00fc, um Zusatzinformationen (wie Parkpl\u00e4tze, Hotels, Restaurants und Attraktionen) auf der Karte in der N\u00e4he der Route einzublenden.<\/li>\n<li>Die Route wird in der Karte angezeigt.<\/li>\n<li>Zeigt Ihre aktuelle Position an. Dazu muss Ihr GPS aktiviert sein.<\/li>\n<li>Wechsel zu Fotos und Infos zur Strecke.<\/li>\n<li>Die Zoom-Ansicht kann mit der Wischfunktion ver\u00e4ndert werden.<\/li>\n<li>Falls Sie in der Karte Ihre Route nicht mehr sehen, k\u00f6nnen Sie mit diesem Button die Route wieder zentrieren.<\/li>\n<li>Im Tracking-Modus wissen Sie immer, wo Sie gerade unterwegs sind. Zur Nutzung muss der GPS-Modus des Smartphones aktiviert sein. Wenn Sie die Funktion Tracking aktivieren, wird Ihnen alle 5 Sekunden Ihre aktuelle Position angezeigt. Mit Hilfe der Zoom-Funktion erhalten Sie auch eine Detailansicht.<\/li>\n<\/ol>\n<p>&nbsp;<\/p>\n<\/div>\n<\/div>\n<h2>Tracking-Modus<\/h2>\n<div class=\"row\">\n<div id=\"blockfarbe\" class=\"col col-md-12\">\n<p><img class=\"img-responsive\" src=\"http:\/\/traumtouren.at\/appdata\/help\/0.9\/image\/9a-traumt-tracking.jpg\" alt=\"Responsive image\" \/><\/p>\n<p>Der Tracking-Modus ist ein praktisches Feature, hier k\u00f6nnen Sie jederzeit Ihre Position verfolgen und sehen, ob Sie sich auf dem richtigen Weg befinden.<br \/>\nFalls Ihr GPS nicht aktiviert ist, bekommen Sie eine entsprechende Fehlermeldung.<\/p>\n<p><img class=\"img-responsive\" src=\"http:\/\/traumtouren.at\/appdata\/help\/0.9\/image\/9-traumt-tracking.jpg\" alt=\"Responsive image\" \/><\/p>\n<p>Um den Tracking-Modus zu nutzen muss Ihr GPS aktiviert sein. Bitte aktivieren Sie Ihr GPS.<\/p>\n<ol>\n<li>Wenn Sie den Modus anklicken, wird Ihnen ca. alle 5 Sekunden Ihre aktuelle Position angezeigt. Der Button leuchtet im Tracking-Modus gelb. Falls Sie kein GPS-Signal bekommen oder Ihr GPS deaktiviert ist, erhalten Sie eine Fehlermeldung.<\/li>\n<li>Falls Sie zwischendurch Ihr GPS-Signal verlieren oder die App in den Hintergrund setzen, wird das Symbol in Rot dargestellt. Wenn die App bzw. das GPS-Signal wieder aktiv ist, wechselt das Symbol wieder auf Gelb.<\/li>\n<li>Wenn Sie den Modus nicht mehr ben\u00f6tigten, schalten Sie ihn wieder aus (der Button ist dann wieder wei\u00df). Beachten Sie bitte: Die Positionsberechnung via GPS ben\u00f6tigt viel Energie, bei langen Touren ist ein Zusatzakku hilfreich.<\/li>\n<\/ol>\n<p>&nbsp;<\/p>\n<\/div>\n<\/div>\n<h2>Informationen zu einem Track<\/h2>\n<div class=\"row\">\n<div id=\"blockfarbe\" class=\"col col-md-12\">\n<p><img class=\"img-responsive\" src=\"http:\/\/traumtouren.at\/appdata\/help\/0.9\/image\/5-traumt-trackinfo.jpg\" alt=\"Responsive image\" \/><\/p>\n<p>Wenn Sie den Informations-Button zu einer Route anklicken, gelangen Sie in die Informationsanzeige.<\/p>\n<ol>\n<li>Zur\u00fcck zur Startseite.<\/li>\n<li>Um weitere Bilder anzuzeigen, klicken oder wischen Sie nach links oder rechts.<br \/>\nPer Doppelklick \u00f6ffnen Sie die Vollbild-Anzeige.<\/li>\n<li>Bilder direkt anklicken.<\/li>\n<li>Beschreibung einer Route.<\/li>\n<li>Details zu einer Route.<\/li>\n<li>Wechsel zur Karte.<\/li>\n<\/ol>\n<p>&nbsp;<\/p>\n<\/div>\n<\/div>\n<h2>Vollbildanzeige<\/h2>\n<p><img class=\"img-responsive\" src=\"http:\/\/traumtouren.at\/appdata\/help\/0.9\/image\/6-traumt-trackbilder.jpg\" alt=\"Responsive image\" \/><\/p>\n<p>Per Doppelklick auf ein Bild sehen Sie diese Vollbild-Anzeige.<\/p>\n<ol>\n<li>Um weitere Bilder anzuzeigen, klicken oder wischen Sie nach links oder rechts.<\/li>\n<li>Bilder direkt anklicken.<\/li>\n<\/ol>\n<p>Sie k\u00f6nnen in den Bildern oder H\u00f6henprofilen auch zoomen. Dazu k\u00f6nnen Sie wie gewohnt mit beiden Fingern die Ansicht vergr\u00f6\u00dfern oder auch wieder verkleinern. Um den Vollbild-Modus zu verlassen, klicken Sie auf das kleine Kreuz.<\/p>\n<h2><img class=\"img-responsive\" src=\"http:\/\/traumtouren.at\/appdata\/help\/0.9\/image\/6b-traumt-trackbilder.jpg\" alt=\"Responsive image\" \/><\/h2>\n<p>&nbsp;<\/p>\n<h2>Anzeigen von Zusatzinfos (Parkpl\u00e4tze, Hotels etc.)<\/h2>\n<div class=\"row\">\n<div id=\"blockfarbe\" class=\"col col-md-12\">\n<p><img class=\"img-responsive\" src=\"http:\/\/traumtouren.at\/appdata\/help\/0.9\/image\/7-traumt-prah.jpg\" alt=\"Responsive image\" \/><\/p>\n<p>In jedem Track k\u00f6nnen, falls vorhanden, Objekte zur Route wie Parkpl\u00e4tze, Restaurants, Hotels und Attraktionen angezeigt werden. Derzeit ist der Service zur Anzeige von Objekten auf Parkpl\u00e4tze begrenzt. In Zukunft werden Zusatzinformationen nach und nach hinzugef\u00fcgt.<\/p>\n<ol>\n<li>Um Objekte anzuzeigen, m\u00fcssen Sie das entsprechende Symbol anklicken. Wenn Sie beispielsweise das Restaurant-Symbol w\u00e4hlen, werden Einkehrm\u00f6glichkeiten im Umkreis der Route angezeigt. Wenn Sie erneut auf das Restaurant-Symbol klicken, werden alle Objekte in der Karte ausgeblendet.<\/li>\n<li>Wenn Sie in der Kartenansicht auf ein bestimmtes Restaurant-Symbol (bzw. Parkplatz-Symbol) klicken, wird ein Fenster mit dem Namen des Objektes ge\u00f6ffnet.<br \/>\n&#8211; Auf Android-Ger\u00e4ten \u00f6ffnet sich unten das Routensymbol, mit dem Sie direkt Ihren Routenplaner starten k\u00f6nnen.<br \/>\n&#8211; Auf iPhones und iPads k\u00f6nnen Sie die Routenplanung aus der Detailansicht starten.<\/li>\n<\/ol>\n<p><img class=\"img-responsive\" src=\"http:\/\/traumtouren.at\/appdata\/help\/0.9\/image\/7-traumt-prahb.jpg\" alt=\"Responsive image\" \/><\/p>\n<p>&nbsp;<\/p>\n<h2>Detailanzeige eines Objektes<\/h2>\n<\/div>\n<\/div>\n<div class=\"row\">\n<div id=\"blockfarbe\" class=\"col col-md-12\">\n<p><img class=\"img-responsive\" src=\"http:\/\/traumtouren.at\/appdata\/help\/0.9\/image\/8-traumt-prahdetail.jpg\" alt=\"Responsive image\" \/><\/p>\n<p>In der Detailansicht sehen Sie das Objekt, z.B. ein Hotel mit Adresse, Kontakt-Informationen und Bildern.<\/p>\n<ol>\n<li>Bilder zum Objekt (analog zum Track).<\/li>\n<li>Kurzbeschreibung des Objektes.<\/li>\n<li>In den Details finden Sie die Adresse des Objektes.<br \/>\nWenn Sie auf diesen Link klicken, k\u00f6nnen Sie eine externe Routenapp oder GoogleMaps starten, um sich beispielsweise direkt zu dieser Adresse navigieren zu lassen.<\/li>\n<li>Falls vorhanden finden Sie hier auch die Telefonnummer, die Sie anklicken und anw\u00e4hlen k\u00f6nnen. Falls eine Webseite vorhanden ist, k\u00f6nnen Sie diese auch direkt aufrufen.<\/li>\n<li>\u00dcber den Pfeil k\u00f6nnen Sie das Infofenster wieder schlie\u00dfen und gelangen wieder zur Karte.<\/li>\n<\/ol>\n<p>&nbsp;<\/p>\n<\/div>\n<\/div>\n<h2>L\u00f6schen von Tracks<\/h2>\n<div class=\"row\">\n<div id=\"blockfarbe\" class=\"col col-md-12\">\n<p><img class=\"img-responsive\" src=\"http:\/\/traumtouren.at\/appdata\/help\/0.9\/image\/10-traumt-trackdelete.jpg\" alt=\"Responsive image\" \/><\/p>\n<p>Sie k\u00f6nnen Tracks auch wieder aus Ihrer Trackliste l\u00f6schen.<\/p>\n<ol>\n<li>Wischen Sie dazu nach links. \u00dcber das Kreuz k\u00f6nnen Sie den Track l\u00f6schen.<\/li>\n<li>Best\u00e4tigen Sie dazu noch die Sicherheitsabfrage.<\/li>\n<\/ol>\n<p>&nbsp;<\/p>\n<\/div>\n<\/div>\n<h2>Tracks laden<\/h2>\n<div class=\"row\">\n<div id=\"blockfarbe\" class=\"col col-md-12\">\n<p>\u00dcber das QR-Code-Symbol k\u00f6nnen Sie neue Tracks laden.<br \/>\nKlicken Sie dazu auf das QR-Code-Symbol.<\/p>\n<p><img class=\"img-responsive\" src=\"http:\/\/traumtouren.at\/appdata\/help\/0.9\/image\/11-aktual-qrcode.jpg\" alt=\"Responsive image\" \/><\/p>\n<p>Anschlie\u00dfend k\u00f6nnen Sie ausw\u00e4hlen, ob Sie den QR-Code scannen oder manuell eingeben wollen.<\/p>\n<p><img class=\"img-responsive\" src=\"http:\/\/traumtouren.at\/appdata\/help\/0.9\/image\/12-traumtouren-qrcode.jpg\" alt=\"Responsive image\" \/><\/p>\n<p>Klicken Sie zum scannen auf &#8222;Code scannen&#8220; und scannen Sie den Code aus unseren daf\u00fcr vorgesehenen B\u00fcchern. Die QR-Codes befinden sich \u2013 je nach Buchausgabe \u2013 am Anfang oder Ende jedes Kapitels.<\/p>\n<p><img class=\"img-responsive\" src=\"http:\/\/traumtouren.at\/appdata\/help\/0.9\/image\/13-traumtouren-qrcodehand.jpeg\" alt=\"Responsive image\" \/><\/p>\n<p>&nbsp;<\/p>\n<p><img class=\"img-responsive\" src=\"http:\/\/traumtouren.at\/appdata\/help\/0.9\/image\/14-traumtouren-code.jpg\" alt=\"Responsive image\" \/><\/p>\n<\/div>\n<\/div>\n[\/vc_column_text][\/vc_column][\/vc_row]\n","protected":false},"excerpt":{"rendered":"<p>[vc_row][vc_column][vc_column_text] Willkommen bei der traumtouren-App by ideemedia. Unkompliziert und \u00fcbersichtlich: Die traumtouren Bike und Hike-App zu den ideemedia-B\u00fcchern. Die App ist gezielt auf schnelle und einfache Bedienung ausgelegt: QR-Code scannen oder TourCode eintippen, Track laden \u2013 und loslegen. Die traumtouren-App beschr\u00e4nkt sich dabei auf die wichtigstenFunktionen und Informationen rund um Rad- und Wanderausfl\u00fcge. L\u00e4nge, H\u00f6henmeter,&hellip;<\/p>\n","protected":false},"author":1,"featured_media":0,"parent":0,"menu_order":0,"comment_status":"closed","ping_status":"closed","template":"","meta":[],"acf":[],"_links":{"self":[{"href":"https:\/\/www.wander-touren.com\/www\/wp-json\/wp\/v2\/pages\/369"}],"collection":[{"href":"https:\/\/www.wander-touren.com\/www\/wp-json\/wp\/v2\/pages"}],"about":[{"href":"https:\/\/www.wander-touren.com\/www\/wp-json\/wp\/v2\/types\/page"}],"author":[{"embeddable":true,"href":"https:\/\/www.wander-touren.com\/www\/wp-json\/wp\/v2\/users\/1"}],"replies":[{"embeddable":true,"href":"https:\/\/www.wander-touren.com\/www\/wp-json\/wp\/v2\/comments?post=369"}],"version-history":[{"count":27,"href":"https:\/\/www.wander-touren.com\/www\/wp-json\/wp\/v2\/pages\/369\/revisions"}],"predecessor-version":[{"id":675,"href":"https:\/\/www.wander-touren.com\/www\/wp-json\/wp\/v2\/pages\/369\/revisions\/675"}],"wp:attachment":[{"href":"https:\/\/www.wander-touren.com\/www\/wp-json\/wp\/v2\/media?parent=369"}],"curies":[{"name":"wp","href":"https:\/\/api.w.org\/{rel}","templated":true}]}}